n thousands digit of 106666987?
6
What is the hundred thousands digit of 448230287?
2
What is the hundred thousands digit of 12937860?
9
What is the ten millions digit of 45013270?
4
What is the units digit of 437857116?
6
What is the hundreds digit of 109471891?
8
What is the ten millions digit of 196416199?
9
What is the tens digit of 135630258?
5
What is the ten thousands digit of 3180383?
8
What is the units digit of 169752797?
7
What is the billions digit of 2542077302?
2
What is the millions digit of 1770750292?
0
What is the thousands digit of 788265479?
5
What is the ten thousands digit of 1000566093?
6
What is the ten thousands digit of 526409569?
0
What is the ten thousands digit of 193515411?
1
What is the units digit of 3095185500?
0
What is the units digit of 617031391?
1
What is the hundred thousands digit of 1201134108?
1
What is the ten millions digit of 3375120379?
7
What is the ten millions digit of 770116620?
7
What is the thousands digit of 68084469?
4
What is the ten thousands digit of 5054949462?
4
What is the tens digit of 166279760?
6
What is the ten thousands digit of 30089117?
8
What is the hundreds digit of 2567555?
5
What is the millions digit of 40466368?
0
What is the millions digit of 368653321?
8
What is the units digit of 1966126858?
8
What is the thousands digit of 492254985?
4
What is the hundred millions digit of 1090672723?
0
What is the thousands digit of 469263994?
3
What is the thousands digit of 660915948?
5
What is the hundred millions digit of 5667496670?
6
What is the millions digit of 52458336?
2
What is the hundreds digit of 1039188110?
1
What is the hundred millions digit of 661461618?
6
What is the hundred thousands digit of 47935962?
9
What is the hundred thousands digit of 2125068267?
0
What is the thousands digit of 1448878861?
8
What is the ten millions digit of 77233992?
7
What is the units digit of 440793968?
8
What is the units digit of 49626560?
0
What is the millions digit of 1066230290?
6
What is the ten thousands digit of 283007730?
0
What is the hundred thousands digit of 3926100831?
1
What is the tens digit of 2302236136?
3
What is the units digit of 929836635?
5
What is the hundreds digit of 2593369983?
9
What is the ten millions digit of 91959294?
9
What is the hundred millions digit of 556672154?
5
What is the ten thousands digit of 344874074?
7
What is the tens digit of 42536866?
6
What is the thousands digit of 5110981668?
1
What is the ten millions digit of 1243315129?
4
What is the millions digit of 23585510?
3
What is the tens digit of 288464408?
0
What is the billions digit of 3359635113?
3
What is the ten millions digit of 232078348?
3
What is the hundred millions digit of 5031855242?
0
What is the hundred millions digit of 168766823?
1
What is the hundred millions digit of 3333243042?
3
What is the ten millions digit of 3688582520?
8
What is the tens digit of 5902575362?
6
What is the ten thousands digit of 67255833?
5
What is the ten thousands digit of 2745112139?
1
What is the ten millions digit of 739312937?
3
What is the hundreds digit of 1571071?
0
What is the millions digit of 46012126?
6
What is the units digit of 168408901?
1
What is the units digit of 4856232959?
9
What is the hundreds digit of 7329002?
0
What is the hundred thousands digit of 88877098?
8
What is the ten thousands digit of 3163281391?
8
What is the hundreds digit of 16949400?
4
What is the hundred thousands digit of 3072600342?
6
What is the tens digit of 1191325126?
2
What is the units digit of 585427564?
4
What is the thousands digit of 2294354868?
4
What is the tens digit of 20813090?
9
What is the hundred millions digit of 3042272713?
0
What is the ten thousands digit of 68650564?
5
What is the tens digit of 180248712?
1
What is the hundreds digit of 101562899?
8
What is the tens digit of 92873758?
5
What is the ten millions digit of 2031494446?
3
What is the ten thousands digit of 110346752?
4
What is the hundred thousands digit of 177145219?
1
What is the hundreds digit of 437089894?
8
What is the tens digit of 2569000568?
6
What is the millions digit of 4895194?
4
What is the hundred millions digit of 422243236?
4
What is the millions digit of 4120822660?
0
What is the hundred thousands digit of 3273795376?
7
What is the millions digit of 1240267716?
0
What is the millions digit of 111578485?
1
What is the millions digit of 287858088?
7
What is the thousands digit of 13142331?
2
What is the thousands digit of 22832249?
2
What is the hundred millions digit of 710360029?
7
What is the hundreds digit of 26265685?
6
What is the hundred millions digit of 106179713?
1
What is the tens digit of 24943903?
0
What is the ten millions digit of 973465947?
7
What is the ten millions digit of 143172496?
4
What is the thousands digit of 167163279?
3
What is the millions digit of 106588751?
6
What is the hundreds digit of 628877957?
9
What is the ten millions digit of 59721037?
5
What is the hundred thousands digit of 264993972?
9
What is the hundred millions digit of 348800727?
3
What is the millions digit of 8243508?
8
What is the hundred thousands digit of 3124332798?
3
What is the ten thousands digit of 2830217?
3
What is the thousands digit of 18547460?
7
What is the tens digit of 20865503?
0
What is the hundred thousands digit of 659977398?
9
What is the hundred millions digit of 725957700?
7
What is the ten thousands digit of 100967781?
6
What is the ten thousands digit of 65746713?
4
What is the ten millions digit of 759442981?
5
What is the ten millions digit of 19118121?
1
What is the millions digit of 16331179?
6
What is the billions digit of 3322198101?
3
What is the ten millions digit of 1372069408?
7
What is the ten millions digit of 19008672?
1
What is the millions digit of 187134032?
7
What is the units digit of 68886966?
6
What is the units digit of 60938600?
0
What is the hundred millions digit of 342088293?
3
What is the hundred thousands digit of 58113915?
1
What is the hundred thousands digit of 1615373445?
3
What is the ten millions digit of 5006313811?
0
What is the ten millions digit of 1399389781?
9
What is the hundreds digit of 19619763?
7
What is the hundreds digit of 16176700?
7
What is the ten millions digit of 157974546?
5
What is the units digit of 600788218?
8
What is the ten millions digit of 77756814?
7
What is the units digit of 39610931?
1
What is the thousands digit of 298833645?
3
What is the hundred thousands digit of 505397110?
3
What is the ten thousands digit of 290596158?
9
What is the ten millions digit of 1319098701?
1
What is the tens digit of 11977381?
8
What is the ten millions digit of 4013942779?
1
What is the hundred thousands digit of 4568018486?
0
What is the thousands digit of 22483935?
3
What is the ten thousands digit of 260238941?
3
What is the ten thousands digit of 1253723967?
2
What is the hundreds digit of 130719701?
7
What is the hundred thousands digit of 735089130?
0
What is the millions digit of 3063908104?
3
What is the units digit of 31070341?
1
What is the thousands digit of 72205049?
5
What is the ten thousands digit of 554890308?
9
What is the hundreds digit of 361582554?
5
What is the thousands digit of 50870535?
0
What is the hundred millions digit of 417211504?
4
What is the units digit of 8326349158?
8
What is the ten thousands digit of 4265975909?
7
What is the billions digit of 4322736212?
4
What is the hundreds digit of 136636821?
8
What is the thousands digit of 7931542911?
2
What is the hundred millions digit of 265823225?
2
What is the ten millions digit of 1544360594?
4
What is the billions digit of 2543085537?
2
What is the millions digit of 134246713?
4
What is the ten thousands digit of 48332789?
3
What is the ten millions digit of 3211829762?
1
What is the ten thousands digit of 36280808?
8
What is the ten thousands digit of 67151358?
5
What is the millions digit of 4228336942?
8
What is the thousands digit of 3642619?
2
What is the hundred millions digit of 756407040?
7
What is the hundred millions digit of 155387725?
1
What is the hundred millions digit of 1397120118?
3
What is the ten thousands digit of 51474422?
7
What is the ten thousands digit of 50658374?
5
What is the millions digit of 776767734?
6
What is the